6866?
438
Calculate the greatest common factor of 765 and 13856175.
45
What is the highest common factor of 17335010 and 308?
154
What is the highest common factor of 575294 and 19406?
626
What is the highest common divisor of 95284961 and 33723?
1249
Calculate the highest common factor of 4237233 and 843843.
3003
Calculate the highest common divisor of 165002388 and 2220.
444
Calculate the greatest common divisor of 37651850 and 10.
10
What is the greatest common factor of 6027224 and 2064?
344
What is the highest common factor of 1812 and 38452452?
1812
What is the greatest common factor of 484429104 and 1968?
1968
Calculate the highest common factor of 16 and 2651100.
4
What is the greatest common factor of 15229 and 523606?
97
Calculate the highest common factor of 36242122 and 406.
14
What is the highest common factor of 2821 and 1136668?
13
What is the highest common factor of 4902341 and 204?
17
Calculate the highest common divisor of 16 and 12575768.
8
What is the highest common factor of 49483 and 2408?
7
What is the greatest common divisor of 15743 and 32470543?
1211
What is the highest common factor of 1140 and 320990?
10
Calculate the highest common divisor of 45169332 and 52923.
897
Calculate the greatest common divisor of 310945 and 30.
5
What is the highest common divisor of 4920 and 218520?
120
What is the greatest common divisor of 2607412 and 980?
4
What is the highest common factor of 3379 and 4801621?
31
Calculate the greatest common factor of 2845980 and 485.
485
What is the greatest common factor of 3 and 7983528?
3
Calculate the greatest common divisor of 344 and 56051016.
344
Calculate the greatest common divisor of 3100 and 500690.
10
What is the highest common divisor of 602578 and 99882?
62
What is the greatest common divisor of 1495 and 11355790?
115
What is the greatest common factor of 3151742 and 88?
22
Calculate the greatest common divisor of 800 and 8328640.
160
What is the greatest common divisor of 296 and 331096?
8
Calculate the greatest common divisor of 583 and 28061.
11
Calculate the highest common factor of 4350634 and 138.
46
What is the greatest common divisor of 1365544 and 3144?
1048
Calculate the greatest common factor of 214274018 and 318.
106
Calculate the greatest common divisor of 620 and 98347624.
124
Calculate the greatest common factor of 378 and 54343035.
27
What is the highest common divisor of 5070 and 662040?
30
What is the highest common divisor of 676719 and 2397?
51
Calculate the highest common factor of 59710 and 644455.
35
Calculate the highest common factor of 1891 and 5322607.
31
Calculate the highest common divisor of 3610 and 109438955.
1805
Calculate the highest common divisor of 11626292 and 53.
53
Calculate the highest common divisor of 338 and 57587.
1
What is the greatest common factor of 7260086 and 712?
178
Calculate the highest common factor of 199290 and 589680.
2730
What is the greatest common divisor of 77104 and 683824?
1264
Calculate the greatest common divisor of 1332 and 9913077.
333
What is the highest common factor of 403728 and 235456?
208
Calculate the greatest common divisor of 13405356 and 1284.
12
Calculate the greatest common divisor of 23795642 and 78.
26
What is the highest common factor of 46 and 14932773?
23
What is the highest common divisor of 2854270 and 253195?
395
What is the greatest common factor of 27787 and 1065669?
751
What is the greatest common divisor of 475034 and 1043?
7
Calculate the greatest common factor of 46 and 237075283.
23
Calculate the greatest common factor of 4477176 and 3432.
264
What is the highest common factor of 335 and 45876709?
67
What is the greatest common factor of 140 and 120054515?
35
What is the highest common factor of 805705893 and 27?
27
Calculate the greatest common factor of 1493364 and 3300.
12
Calculate the greatest common divisor of 2642260 and 16320.
20
Calculate the greatest common factor of 419 and 354066313.
419
What is the highest common divisor of 442 and 43694131?
221
Calculate the highest common divisor of 672 and 151526088.
168
What is the highest common divisor of 518 and 4472118?
14
Calculate the highest common factor of 16873 and 23944941.
359
What is the highest common divisor of 143629750 and 7204?
3602
What is the greatest common factor of 2954736 and 904?
8
Calculate the greatest common divisor of 13997626 and 382.
382
What is the greatest common divisor of 99 and 45400399?
11
What is the greatest common factor of 63 and 50262165?
9
What is the highest common factor of 21075 and 234030850?
7025
What is the greatest common divisor of 24187 and 728137?
361
Calculate the highest common divisor of 12655 and 735330.
5
Calculate the greatest common factor of 6721429 and 143.
143
What is the greatest common factor of 64 and 12139888?
16
What is the highest common divisor of 6 and 161505?
3
Calculate the greatest common factor of 925985 and 10.
5
What is the highest common divisor of 10458 and 5836726?
1162
Calculate the highest common divisor of 56221 and 170962.
209
Calculate the greatest common divisor of 590083137 and 3087.
3087
Calculate the greatest common divisor of 4150 and 4332284600.
4150
Calculate the highest common divisor of 83300 and 7833175.
2975
Calculate the greatest common factor of 36699168 and 125994.
1518
What is the highest common factor of 611 and 39790764?
611
Calculate the highest common divisor of 832226814 and 20290.
4058
Calculate the greatest common divisor of 4 and 1054892.
4
Calculate the highest common divisor of 4002096 and 342538.
602
What is the highest common factor of 52 and 306371?
13
Calculate the greatest common divisor of 13218814 and 4984.
1246
Calculate the greatest common divisor of 107772357 and 1617.
231
What is the greatest common divisor of 663220128 and 12?
12
Calculate the highest common divisor of 118 and 47638.
2
What is the greatest common factor of 1792 and 332611328?
1792
Calculate the greatest common factor of 821737 and 63.
7
Calculate the greatest common divisor of 72822 and 3074.
106
What is the highest common divisor of 30837723 and 908?
227
What is the greatest common factor of 9339156 and 45?
9
What is the highest common factor of 60320 and 332717580?
7540
What is the greatest common divisor of 16 and 64026712?
8
Calculate the highest common factor of 28530 and 28407955.
1585
What is the greatest common factor of 39949 and 57421?
91
What is the highest common divisor of 1368 and 109716840?
72
What is the greatest common factor of 19132353 and 17613?
927
What is the greatest common divisor of 7480 and 87070940?
3740
Calculate the greatest common divisor of 26500 and 199150.
50
Calculate the greatest common divisor of 90112 and 668096.
704
What is the highest common divisor of 548144 and 48?
16
Calculate the greatest common divisor of 35259 and 38640.
483
Calculate the highest common divisor of 358342731 and 1098.
549
Calculate the highest common divisor of 53109 and 51219.
189
What is the highest common divisor of 1377421 and 5?
1
What is the highest common factor of 450 and 6846909?
3
What is the highest common factor of 176 and 2143284?
44
What is the highest common factor of 508890 and 216?
6
What is the greatest common factor of 15 and 32682810?
15
What is the highest common divisor of 39051812 and 25996?
388
Calculate the highest common factor of 51 and 68033932.
17
What is the greatest common divisor of 2212 and 96088727?
553
Calculate the greatest common divisor of 44500 and 2665372.
356
Calculate the greatest common divisor of 103690 and 330.
10
What is the highest common divisor of 8541330 and 14910?
210
What is the highest common divisor of 62013576 and 549?
183
Calculate the highest common divisor of 22 and 285680032.
22
Calculate the greatest common divisor of 826200 and 261800.
3400
Calculate the highest common divisor of 336 and 8423128.
56
What is the highest common divisor of 25908 and 109548?
204
What is the greatest common divisor of 15705670 and 62830?
610
What is the greatest common divisor of 3622 and 69326891?
1811
Calculate the greatest common factor of 1016164 and 6284.
4
What is the highest common factor of 3119319 and 22512?
1407
What is the highest common factor of 9821741 and 945812?
1987
Calculate the grea